).
-3
Let i be 1095/75 - (-2)/5. Let h be (-10)/i*(-1 - 2). Suppose 3*p - 6 = h*p. Let o(m) = -3*m + 8. Calculate o(p).
-10
Let g(v) = -12*v + 1. Let a = 1049 + -1054. Calculate g(a).
61
Let n(s) = s**2 - 5*s + 8. Let y be n(6). Let o = y + -10. Let i(f) be the second derivative of f**4/12 - 2*f**3/3 + 2*f**2 - f. What is i(o)?
4
Let a = 25 + -23. Let m(n) = -3*n**2 + 4*n + 7. Let i(z) = -4*z**2 + 4*z + 7. Let j(y) = a*i(y) - 3*m(y). Let v = -3 + 8. Give j(v).
-2
Let p(z) = -z**3 + 2*z**2 - 4*z. Let g be (7/(-14))/(1/(-12)). Let l be (8 + -10)*g/(-4). Give p(l).
-21
Let k(f) = -5 - 52*f**2 + 25*f**2 + 6*f + 21*f**2 + f**3. Let i be k(4). Let b = i + 15. Let h(w) = w**3 - 5*w**2 + 3*w - 1. Determine h(b).
-7
Suppose -9*f + 8*f = 0. Let d(t) be the first derivative of 77 + f*t - 84 - 2*t**2 - t. What is d(-1)?
3
Let k(h) = -4*h**2 - 7. Let s(z) = -9*z**2 - 15. Let u(f) = 7*k(f) - 3*s(f). Let x(i) = -7*i + 105. Let g be x(15). Determine u(g).
-4
Let x be (-152)/(-38) - (-1)/(-1). Let p(j) = j**3 - 2*j + 1. Calculate p(x).
22
Let y be 3*2/((-6)/5). Let g be ((-8)/y)/((-7)/35). Let p be (-4)/16 - (-6)/g. Let r(x) = -6*x**2 + x + 1. Determine r(p).
-6
Let s(g) = 2*g**2 + g - 6. Let a(o) = -5*o**2 + 2*o + 28. Let n(w) = a(w) + 4*s(w). What is n(-4)?
28
Let b(s) = s**3 - 6*s**2 + 6*s - 6. Let v be 1680/(-1 + 8)*4/(-10). Let i = v - -101. What is b(i)?
-1
Let b(n) = 3 + 914*n**2 - n**3 - 905*n**2 + 3. Give b(9).
6
Let s be 1 - 6/10 - 66/(-10). Suppose -2*k = -6*k - 12, -2*w = -k - s. Let q(y) = y**3 - 2*y**2 + 2. What is q(w)?
2
Let y be (10 + -7)/(2 - (2 - 1)). Let b(t) = -t**y + 5 - 10*t**2 - 82*t - 3*t**3 + 3*t**3 + 74*t. Calculate b(-9).
-4
Suppose 4*w + 12 = 3*t + 1, -2*w - 16 = 2*t. Let v(d) = 4*d**2 - 11*d - 5. Let f(b) = b**2 - 4*b - 2. Let a(q) = 7*f(q) - 2*v(q). Calculate a(t).
5
Let d(g) be the third derivative of 0 - 6*g**2 - 1/24*g**4 + 0*g**3 + 0*g. Give d(6).
-6
Let l(b) = b**3 + 6*b**2 + 8*b + 6. Let i(k) = k**2 - 5*k + 6. Let y be i(6). Let q be -5*(4 - (0 - y/(-4))). Calculate l(q).
-9
Let w(x) = -5 + 16 - 10*x + 3*x + 3*x. Determine w(5).
-9
Suppose -4 + 14 = -5*o. Let n be -1*(o + -2 + -1). Let c(a) = a**2 - 7*a + 4. Determine c(n).
-6
Let j(y) be the first derivative of -1/4*y**4 - 5*y - 4/3*y**3 - 18 + 2*y**2. Give j(-5).
0
Let g(a) = -a**3 + 14*a**2 + 16*a - 3. Let i = -510 + 525. Calculate g(i).
12
Let y(b) = -5*b - 2. Let c be y(-3). Let g(p) = p + 1 - c*p**3 + 4*p**2 + 3*p**2 - 8*p**2. Let s = -9 + 8. Determine g(s).
12
Suppose 4*b - 3*v + 21 = 0, -3*v + 32 - 5 = -5*b. Let q(g) = -g**3 - 6*g**2 + g + 6. Let n be q(b). Let r(k) = k**2 + k + 1. Determine r(n).
1
Let r(k) = -k**2 + 7*k - 4. Let x be r(6). Suppose -15 = 4*u - 3*n, u - 3*n = x*u. Let w(p) = p**2 + 0*p**2 - p - p - 3. Give w(u).
12
Let g(j) = -j**3 - j**2 - j + 5. Let i = 65 + -65. Suppose 26*v - 22*v = i. Calculate g(v).
5
Let u(v) = -v**3 + 8*v**2 + v - 7*v - 7 - 1. Let z be 2/(4/24*3). Suppose 2*t - z = t, -5*q + 39 = t. Calculate u(q).
-1
Let x(v) = -v**2 - 2*v - 11. Let c be 0*(-2)/(-10)*(-15)/6. Give x(c).
-11
Let a(x) = -x**3 + 8*x**2 + 3*x + 4. Let p(w) = -2*w**3 + 17*w**2 + 6*w + 9. Let l(z) = 13*a(z) - 6*p(z). What is l(3)?
-2
Let h(l) = l - 8. Let z be ((-28)/(-3))/(-1)*96/(-64). Give h(z).
6
Let q = 13 - 8. Suppose -q*m = x - 3, 2*m + 0 = 5*x - 15. Let p(o) = -7*o + 4. Let i(j) = -6*j + 3. Let w(c) = 6*i(c) - 5*p(c). Give w(x).
-5
Let t(j) = -2*j - 12. Let w(v) = -3*v**2 - 25*v - 48. Let k be w(-6). Calculate t(k).
0
Let z be (26/8 - -2) + 7/(-28). Let p(r) = 2*r**3 - 3*r**3 + 5*r + 0*r**2 + 4*r**2 - 4. Determine p(z).
-4
Let r(a) = 7. Let x(o) = o - 12. Let f(z) = 3*r(z) + 2*x(z). Calculate f(-2).
-7
Let v(n) = 3 - 2 + n + 2. Let j(c) = -c**2 - 6*c - 14. Let p be j(-4). Give v(p).
-3
Let c(k) be the first derivative of -k**3 - k**2 - k + 83. What is c(-3)?
-22
Let i(z) be the third derivative of -z**4/8 + z**3/3 - 48*z**2. Suppose -4*b + 0*u - 140 = -2*u, -8 = 4*u. Let p be (2/3)/((-8)/b). Determine i(p).
-7
Suppose 4*t = w - 10, 3*w - 4*t = -2*w - 14. Let v(i) be the third derivative of -i**4/12 + 2*i**3/3 + 2*i**2 - 598*i. Give v(w).
16
Suppose 2*d + 16 = -2*l, -3*l - 3*d - 20 = -l. Let r(v) = -2*v + 9. Calculate r(l).
17
Suppose -57 = -75*r + 80*r - 3*y, 2*y = -r - 1. Let h(b) = 6*b - 5. What is h(r)?
-59
Let v(h) = h**3 - 4*h**2 - 6*h + 6. Let c be 46/(4 - (-28)/(-8)). Suppose -87*q = -c*q + 20. What is v(q)?
-18
Suppose 5*i + j - 85 = 5*j, 0 = i - 4*j - 33. Suppose -5*r - 2 = i. Let f(k) = k**2 + 3*k - 4. Determine f(r).
-4
Let y(d) = 23*d - 119. Let f be y(5). Let v(o) = 5*o. Determine v(f).
-20
Suppose -6*g = -7*g + 2. Let l(y) = 2*y + y - y**2 + g - 2*y. Give l(-2).
-4
Let u(j) = j + 16. Let z be u(-13). Let h(d) = 6*d + z - 3*d - 2. Give h(-2).
-5
Suppose -5*w - 25 = 0, 3*q - 5*q - w = 3. Let z(k) = -5 + q - 2 + k - 1. Calculate z(5).
-2
Let p(r) be the third derivative of -r**6/120 + r**5/5 + r**4/2 + 3*r**3/2 + 111*r**2. Determine p(13).
-4
Let y be 4/(-14) + 1/(28/64). Let z(d) = 3*d**2 + 2*d - 3. Determine z(y).
13
Suppose -4*w - 9 = -4*z + 11, 13 = 3*z - 4*w. Suppose -3*m + 4 = -173. Let y(x) = -67 + 0*x + 6*x**2 + m + 9*x - x**3. Calculate y(z).
6
Let o(t) = 7*t**3 + 10*t**2 + 18*t - 33. Let h(q) = 4*q**3 + 4*q**2 + 9*q - 17. Let i(r) = 5*h(r) - 3*o(r). Determine i(-9).
14
Suppose -3*o - o - 12 = 0. Let n(l) = -1 - 2 + 0 + 10 - 5*l**2 - l. Let v(t) = -4*t**2 - t + 8. Let s(d) = o*n(d) + 4*v(d). Calculate s(0).
11
Let h(a) be the third derivative of -4*a**4/3 - 2*a**3/3 - a**2 - 636*a. Give h(-2).
60
Let m = -7 - -5. Let i be ((-100)/15)/(m/3). Suppose -y = 5*l + i, y - 12 = l - 4. Let v(h) = h**2 - 4*h - 4. Give v(y).
1
Let c(n) = 6*n**2 - 20*n - 8. Let f(s) = -2*s**2 + 7*s + 3. Suppose 11*o = 25*o - 42. Let m(t) = o*c(t) + 8*f(t). What is m(4)?
16
Suppose 4*c - 24 = -b + 6*b, 18 = -4*b + 2*c. Let f(w) = -6*w - 4 + w**3 + 2*w**2 + 2*w**2 - w**2. Let a be f(b). Let s(r) = r + 1. What is s(a)?
5
Let b(k) be the second derivative of -5/12*k**4 - 5*k - 1/120*k**5 + 0 - 1/360*k**6 + 0*k**2 + 0*k**3. Let r(n) be the third derivative of b(n). What is r(-5)?
9
Let c(v) = v + 1. Let k(z) = z**3 + 6*z**2 - 16*z - 3. Suppose -20 = 2*b + 4*r - 4, -b = 5*r + 8. Let t be k(b). Determine c(t).
-2
Suppose 0 = -4*m - s + 59, 5*m - 3 = -s + 70. Suppose t - m = -t. Let r(p) = p**2 - 8*p - 3. Determine r(t).
-10
Let g(p) = -p - 7. Let n(y) = -1. Let r(v) = -g(v) - 5*n(v). Let h = -11 - -6. Determine r(h).
7
Let s(i) = 12*i + 8*i - 22*i. Calculate s(-1).
2
Let r be -9*(-6)/(-27)*(0 - 1). Let g(u) be the second derivative of -7/2*u**r - 1/20*u**5 + 1/3*u**4 + 5/6*u**3 - 6*u + 0. Determine g(5).
-7
Let u(v) be the second derivative of v**4/12 + v**3/6 - v**2/2 + 89*v. Determine u(-2).
1
Let p(q) = q. Let x(o) = -10*o - 2. Let h(y) = 6*p(y) + x(y). Determine h(4).
-18
Let n(r) = r**3 + 5*r**2 + r - 4. Let g = -211 + 208. Calculate n(g).
11
Let o(l) = -l + 4. Suppose 4*m + 9 + 35 = 0. Let u be (-6)/(-4)*(-3 - 52/12). Let b = u - m. What is o(b)?
4
Suppose -3*f + 8*f = 20. Let y(s) = 4*s**2 - 3*s - 6. Let i(v) = 5*v**2 - 5*v - 6. Let z(t) = 5*i(t) - 6*y(t). Give z(f).
-6
Let p(a) be the third derivative of 0 + 1/24*a**4 + 1/6*a**3 + 0*a + 0*a**5 - 1/30*a**6 + 9*a**2. Suppose -4*v - 5 = -1. Determine p(v).
4
Let p(u) be the first derivative of u**6/360 + u**5/40 - u**4/4 - u**3 - 16. Let o(j) be the third derivative of p(j). Calculate o(-5).
4
Let i(a) = a**2 + 5*a - 13. Let f = -136 - -129. Calculate i(f).
1
Suppose 8*k = 3*k - 210. Let o = -47 - k. Let g(m) = -m**2 + 8*m - 3. Let n(f) = -f**2 + f - 1. Let b(l) = -g(l) + 2*n(l). Calculate b(o).
6
Let y(k) = k**3 + 9*k - 11*k**2 - 5*k**3 - 4*k - 2 - k**3 + 3*k**3. Determine y(-6).
4
Let o(y) = y**3 + 3*y**3 + 8*y**2 - 3*y**3 + 1. Let d(m) = -8*m + 56. Let f be d(8). Give o(f).
1
Let b(t) be the third derivative of 11*t**8/20160 - t**7/5040 + t**5/20 + 30*t**2. Let p(i) be the third derivative of b(i). What is p(1)?
10
Let u = -2 + 17. Let d be 6/u - (-128)/(-20). Let j(x) = -x**2 - 8*x - 4. Determine j(d).
8
Let p(s) = 3*s**2 - 6. Suppose -5*i + 12 = -7*i + 4*j, -4*i - j = -12. Calculate p(i).
6
Let q(d) = -d**3 - 11*d**2 - 15*d - 12. Let c = 45 + -55. Give q(c).
38
Suppose -6 = 2*q - 10. Let w(s) = 10*s + 3 +